{"id":71,"date":"2017-06-26T10:06:18","date_gmt":"2017-06-26T10:06:18","guid":{"rendered":"http:\/\/test.profesconsulting.pl\/?page_id=69"},"modified":"2018-02-13T09:47:15","modified_gmt":"2018-02-13T09:47:15","slug":"projekty","status":"publish","type":"page","link":"https:\/\/profesconsulting.pl\/?page_id=71","title":{"rendered":"Projekty"},"content":{"rendered":"<div id=\"pl-71\"  class=\"panel-layout\" ><div id=\"pg-71-0\"  class=\"panel-grid panel-has-style\" ><div class=\"siteorigin-panels-stretch panel-row-style panel-row-style-for-71-0\" style=\"padding: 10px 0; \" data-stretch-type=\"full\" data-overlay=\"true\" data-overlay-color=\"#000000\" ><div id=\"pgc-71-0-0\"  class=\"panel-grid-cell\" ><div id=\"panel-71-0-0-0\" class=\"so-panel widget widget_sydney_services_type_a sydney_services_widget panel-first-child panel-last-child\" data-index=\"0\" ><div style=\"text-align: center;\" data-title-color=\"#443f3f\" data-headings-color=\"#443f3f\" class=\"panel-widget-style panel-widget-style-for-71-0-0-0\" >\t\t\t<h3 class=\"widget-title\">Jak wygl\u0105da wsp\u00f3\u0142praca przy pozyskaniu dofinansowania?<\/h3>\r\n\t\t\t\t\t\t\t\t\t\t\t\t\t\t\t\t\t\t\t\t\t\t\t\t\t\t\t\t\t<div class=\"service col-md-4\">\r\n\t\t\t\t\t\t\t\t\t\t\t\t\t<div class=\"roll-icon-box\">\r\n\t\t\t\t\t\t\t\t\t\t\t\r\n\t\t\t\t\t\t\t\t\t<div class=\"icon\">\r\n\t\t\t\t\t\t\t\t\t\t\t\t\t\t\t\t\t\t\t\t\t<i class=\"fa fa-chevron-right\"><\/i>\t\t\t\t\t\t\t\t\t\t\t\t\t\t\t\t\t\t\t<\/div>\r\n\t\t\t\t\t\t\t\t\t\t\t\t\t\t\t\t<div class=\"content\">\r\n\t\t\t\t\t\t\t\t\t<h3>\r\n\t\t\t\t\t\t\t\t\t\t\t\t\t\t\t\t\t\t\t\t\tETAP 1: Analiza potrzeb oraz opracowanie wniosku o dofinansowanie\t\t\t\t\t\t\t\t\t\t\t\t\t\t\t\t\t\t\t<\/h3>\r\n\t\t\t\t\t\t\t\t\t\t\t\t\t\t\t\t\t\r\n\t\t\t\t\t\t\t\t\t\t<p>Dzi\u0119ki szczeg\u00f3\u0142owej analizie potrzeb, jeste\u015bmy w stanie dobra\u0107 odpowiednie \u017ar\u00f3d\u0142o finansowania oraz poprawnie okre\u015bli\u0107 katalog koszt\u00f3w kwalifikowalnych przedsi\u0119wzi\u0119cia, gwarantuj\u0105cy osi\u0105gni\u0119cie zak\u0142adanych rezultat\u00f3w. Dzi\u0119ki doskona\u0142ej znajomo\u015bci dokument\u00f3w horyzontalnych oraz zasad aplikowania o fundusze unijne w ramach RPO, POWER, PO IR, PO I\u015a, PO PC, zwi\u0119kszamy Twoje szanse na pozyskanie dofinansowania. W trakcie wsp\u00f3\u0142pracy, dzielimy si\u0119 unikalnym know-how oraz wieloletnim do\u015bwiadczeniem w bran\u017cy<\/p>\n\t\t\t\t\t\t\t\t\t\t\t\t\t\t\t\t\t<\/div><!--.info-->\t\r\n\t\t\t\t\t\t\t<\/div>\r\n\t\t\t\t\t\t<\/div>\r\n\t\t\t\t\t\t\t\t\t\t\t\t\t\t\t\t\t\t\t\t\t\t\t\t\t\t\t\t\t<div class=\"service col-md-4\">\r\n\t\t\t\t\t\t\t\t\t\t\t\t\t<div class=\"roll-icon-box\">\r\n\t\t\t\t\t\t\t\t\t\t\t\r\n\t\t\t\t\t\t\t\t\t<div class=\"icon\">\r\n\t\t\t\t\t\t\t\t\t\t\t\t\t\t\t\t\t\t\t\t\t<i class=\"fa fa-chevron-right\"><\/i>\t\t\t\t\t\t\t\t\t\t\t\t\t\t\t\t\t\t\t<\/div>\r\n\t\t\t\t\t\t\t\t\t\t\t\t\t\t\t\t<div class=\"content\">\r\n\t\t\t\t\t\t\t\t\t<h3>\r\n\t\t\t\t\t\t\t\t\t\t\t\t\t\t\t\t\t\t\t\t\tEtap 2: Negocjacje\t\t\t\t\t\t\t\t\t\t\t\t\t\t\t\t\t\t\t<\/h3>\r\n\t\t\t\t\t\t\t\t\t\t\t\t\t\t\t\t\t\r\n\t\t\t\t\t\t\t\t\t\t<p>Beneficjentom ubiegaj\u0105cym si\u0119 o \u015brodki w ramach EFS, pomagamy na etapie prowadzenia negocjacji z instytucj\u0105 zarz\u0105dzaj\u0105c\u0105 danym programem operacyjnym. W ramach tego etapu, skupiamy si\u0119 na utrzymaniu pierwotnych za\u0142o\u017ce\u0144 projektu oraz okre\u015blonego bud\u017cetu. Pami\u0119taj, jedynie negocjacje zako\u0144czone pozytywnym wynikiem, gwarantuj\u0105 mo\u017cliwo\u015b\u0107 otrzymania dofinansowania!<\/p>\n\t\t\t\t\t\t\t\t\t\t\t\t\t\t\t\t\t<\/div><!--.info-->\t\r\n\t\t\t\t\t\t\t<\/div>\r\n\t\t\t\t\t\t<\/div>\r\n\t\t\t\t\t\t\t\t\t\t\t\t\t\t\t\t\t\t\t\t\t\t\t\t\t\t\t\t\t<div class=\"service col-md-4\">\r\n\t\t\t\t\t\t\t\t\t\t\t\t\t<div class=\"roll-icon-box\">\r\n\t\t\t\t\t\t\t\t\t\t\t\r\n\t\t\t\t\t\t\t\t\t<div class=\"icon\">\r\n\t\t\t\t\t\t\t\t\t\t\t\t\t\t\t\t\t\t\t\t\t<i class=\"fa fa-check\"><\/i>\t\t\t\t\t\t\t\t\t\t\t\t\t\t\t\t\t\t\t<\/div>\r\n\t\t\t\t\t\t\t\t\t\t\t\t\t\t\t\t<div class=\"content\">\r\n\t\t\t\t\t\t\t\t\t<h3>\r\n\t\t\t\t\t\t\t\t\t\t\t\t\t\t\t\t\t\t\t\t\tEtap 3: Podpisanie umowy o dofinansowanie\t\t\t\t\t\t\t\t\t\t\t\t\t\t\t\t\t\t\t<\/h3>\r\n\t\t\t\t\t\t\t\t\t\t\t\t\t\t\t\t\t\r\n\t\t\t\t\t\t\t\t\t\t<p>W ramach ko\u0144cowego etapu ubiegania si\u0119 o \u015brodki unijne, pomagamy naszym klientom zgromadzi\u0107 kompletn\u0105 dokumentacj\u0119 niezb\u0119dn\u0105 do podpisania umowy o dofinansowanie, negocjujemy z instytucj\u0105 organizuj\u0105c\u0105 konkurs harmonogram p\u0142atno\u015bci, pozwalaj\u0105cy na p\u0142ynn\u0105 realizacj\u0119 projektu stosujemy sprawdzone wzorce dokument\u00f3w, umo\u017cliwiaj\u0105ce szybk\u0105 akceptacj\u0119 za\u0142\u0105cznik\u00f3w przez instytucj\u0119 organizuj\u0105c\u0105 konkurs. Z nami oszcz\u0119dzasz sw\u00f3j czas!<\/p>\n\t\t\t\t\t\t\t\t\t\t\t\t\t\t\t\t\t<\/div><!--.info-->\t\r\n\t\t\t\t\t\t\t<\/div>\r\n\t\t\t\t\t\t<\/div>\r\n\t\t\t\t\t\r\n\t\t\t\t\t\t\t\t\r\n\t<\/div><\/div><\/div><\/div><\/div><div id=\"pg-71-1\"  class=\"panel-grid panel-has-style\" ><div class=\"siteorigin-panels-stretch panel-row-style panel-row-style-for-71-1\" style=\"padding: 100px 0; \" data-stretch-type=\"full\" data-overlay=\"true\" data-overlay-color=\"#000000\" ><div id=\"pgc-71-1-0\"  class=\"panel-grid-cell\" ><div id=\"panel-71-1-0-0\" class=\"so-panel widget widget_sydney_portfolio sydney_portfolio_widget panel-first-child panel-last-child\" data-index=\"1\" ><div style=\"text-align: left;\" data-title-color=\"#443f3f\" data-headings-color=\"#443f3f\" class=\"panel-widget-style panel-widget-style-for-71-1-0-0\" ><h3 class=\"widget-title\">Poznajcie nasze ostatnie projekty<\/h3><div class=\"project-wrap\"><div class=\"roll-project fullwidth\"><div class=\"isotope-container\" data-portfolio-effect=\"fadeInUp\"><div class=\"project-item item isotope-item \"><a class=\"project-pop-wrap\" href=\"http:\/\/www.mapadotacji.gov.pl\/projekt\/7290802\"><div class=\"project-pop\"><\/div><\/a><a href=\"http:\/\/www.mapadotacji.gov.pl\/projekt\/7290802\"><img loading=\"lazy\" decoding=\"async\" width=\"480\" height=\"320\" src=\"https:\/\/profesconsulting.pl\/wp-content\/uploads\/2018\/02\/playground-2543311-480x320.jpg\" class=\"attachment-sydney-mas-thumb size-sydney-mas-thumb wp-post-image\" alt=\"\" srcset=\"https:\/\/profesconsulting.pl\/wp-content\/uploads\/2018\/02\/playground-2543311-480x320.jpg 480w, https:\/\/profesconsulting.pl\/wp-content\/uploads\/2018\/02\/playground-2543311-300x200.jpg 300w, https:\/\/profesconsulting.pl\/wp-content\/uploads\/2018\/02\/playground-2543311-768x512.jpg 768w, https:\/\/profesconsulting.pl\/wp-content\/uploads\/2018\/02\/playground-2543311-1024x683.jpg 1024w, https:\/\/profesconsulting.pl\/wp-content\/uploads\/2018\/02\/playground-2543311-830x553.jpg 830w, https:\/\/profesconsulting.pl\/wp-content\/uploads\/2018\/02\/playground-2543311-230x153.jpg 230w, https:\/\/profesconsulting.pl\/wp-content\/uploads\/2018\/02\/playground-2543311-350x233.jpg 350w, https:\/\/profesconsulting.pl\/wp-content\/uploads\/2018\/02\/playground-2543311-272x182.jpg 272w\" sizes=\"(max-width: 480px) 100vw, 480px\" \/><\/a><\/div><div class=\"project-item item isotope-item \"><a class=\"project-pop-wrap\" href=\"http:\/\/www.mapadotacji.gov.pl\/projekt\/7290809\"><div class=\"project-pop\"><\/div><\/a><a href=\"http:\/\/www.mapadotacji.gov.pl\/projekt\/7290809\"><img loading=\"lazy\" decoding=\"async\" width=\"480\" height=\"320\" src=\"https:\/\/profesconsulting.pl\/wp-content\/uploads\/2017\/07\/nursery-2114173_1280-1-480x320.jpg\" class=\"attachment-sydney-mas-thumb size-sydney-mas-thumb wp-post-image\" alt=\"\" srcset=\"https:\/\/profesconsulting.pl\/wp-content\/uploads\/2017\/07\/nursery-2114173_1280-1-480x320.jpg 480w, https:\/\/profesconsulting.pl\/wp-content\/uploads\/2017\/07\/nursery-2114173_1280-1-300x200.jpg 300w, https:\/\/profesconsulting.pl\/wp-content\/uploads\/2017\/07\/nursery-2114173_1280-1-768x512.jpg 768w, https:\/\/profesconsulting.pl\/wp-content\/uploads\/2017\/07\/nursery-2114173_1280-1-1024x682.jpg 1024w, https:\/\/profesconsulting.pl\/wp-content\/uploads\/2017\/07\/nursery-2114173_1280-1-830x553.jpg 830w, https:\/\/profesconsulting.pl\/wp-content\/uploads\/2017\/07\/nursery-2114173_1280-1-230x153.jpg 230w, https:\/\/profesconsulting.pl\/wp-content\/uploads\/2017\/07\/nursery-2114173_1280-1-350x233.jpg 350w, https:\/\/profesconsulting.pl\/wp-content\/uploads\/2017\/07\/nursery-2114173_1280-1-272x182.jpg 272w, https:\/\/profesconsulting.pl\/wp-content\/uploads\/2017\/07\/nursery-2114173_1280-1.jpg 1280w\" sizes=\"(max-width: 480px) 100vw, 480px\" \/><\/a><\/div><div class=\"project-item item isotope-item \"><a class=\"project-pop-wrap\" href=\"http:\/\/www.mapadotacji.gov.pl\/projekt\/7290983\"><div class=\"project-pop\"><\/div><\/a><a href=\"http:\/\/www.mapadotacji.gov.pl\/projekt\/7290983\"><img loading=\"lazy\" decoding=\"async\" width=\"480\" height=\"318\" src=\"https:\/\/profesconsulting.pl\/wp-content\/uploads\/2018\/02\/plasticine-428298-480x318.jpg\" class=\"attachment-sydney-mas-thumb size-sydney-mas-thumb wp-post-image\" alt=\"\" srcset=\"https:\/\/profesconsulting.pl\/wp-content\/uploads\/2018\/02\/plasticine-428298-480x318.jpg 480w, https:\/\/profesconsulting.pl\/wp-content\/uploads\/2018\/02\/plasticine-428298-300x199.jpg 300w, https:\/\/profesconsulting.pl\/wp-content\/uploads\/2018\/02\/plasticine-428298-768x509.jpg 768w, https:\/\/profesconsulting.pl\/wp-content\/uploads\/2018\/02\/plasticine-428298-1024x678.jpg 1024w, https:\/\/profesconsulting.pl\/wp-content\/uploads\/2018\/02\/plasticine-428298-830x550.jpg 830w, https:\/\/profesconsulting.pl\/wp-content\/uploads\/2018\/02\/plasticine-428298-230x152.jpg 230w, https:\/\/profesconsulting.pl\/wp-content\/uploads\/2018\/02\/plasticine-428298-350x232.jpg 350w\" sizes=\"(max-width: 480px) 100vw, 480px\" \/><\/a><\/div><div class=\"project-item item isotope-item \"><a class=\"project-pop-wrap\" href=\"http:\/\/www.mapadotacji.gov.pl\/projekt\/7284688\"><div class=\"project-pop\"><\/div><\/a><a href=\"http:\/\/www.mapadotacji.gov.pl\/projekt\/7284688\"><img loading=\"lazy\" decoding=\"async\" width=\"480\" height=\"320\" src=\"https:\/\/profesconsulting.pl\/wp-content\/uploads\/2018\/02\/tablet-1910018-480x320.jpg\" class=\"attachment-sydney-mas-thumb size-sydney-mas-thumb wp-post-image\" alt=\"\" srcset=\"https:\/\/profesconsulting.pl\/wp-content\/uploads\/2018\/02\/tablet-1910018-480x320.jpg 480w, https:\/\/profesconsulting.pl\/wp-content\/uploads\/2018\/02\/tablet-1910018-300x200.jpg 300w, https:\/\/profesconsulting.pl\/wp-content\/uploads\/2018\/02\/tablet-1910018-768x512.jpg 768w, https:\/\/profesconsulting.pl\/wp-content\/uploads\/2018\/02\/tablet-1910018-1024x683.jpg 1024w, https:\/\/profesconsulting.pl\/wp-content\/uploads\/2018\/02\/tablet-1910018-830x554.jpg 830w, https:\/\/profesconsulting.pl\/wp-content\/uploads\/2018\/02\/tablet-1910018-230x153.jpg 230w, https:\/\/profesconsulting.pl\/wp-content\/uploads\/2018\/02\/tablet-1910018-350x234.jpg 350w, https:\/\/profesconsulting.pl\/wp-content\/uploads\/2018\/02\/tablet-1910018-272x182.jpg 272w\" sizes=\"(max-width: 480px) 100vw, 480px\" \/><\/a><\/div><div class=\"project-item item isotope-item \"><a class=\"project-pop-wrap\" href=\"http:\/\/www.mapadotacji.gov.pl\/projekt\/7294578\"><div class=\"project-pop\"><\/div><\/a><a href=\"http:\/\/www.mapadotacji.gov.pl\/projekt\/7294578\"><img loading=\"lazy\" decoding=\"async\" width=\"480\" height=\"320\" src=\"https:\/\/profesconsulting.pl\/wp-content\/uploads\/2018\/02\/colored-pencils-168392-480x320.jpg\" class=\"attachment-sydney-mas-thumb size-sydney-mas-thumb wp-post-image\" alt=\"\" srcset=\"https:\/\/profesconsulting.pl\/wp-content\/uploads\/2018\/02\/colored-pencils-168392-480x320.jpg 480w, https:\/\/profesconsulting.pl\/wp-content\/uploads\/2018\/02\/colored-pencils-168392-300x200.jpg 300w, https:\/\/profesconsulting.pl\/wp-content\/uploads\/2018\/02\/colored-pencils-168392-768x512.jpg 768w, https:\/\/profesconsulting.pl\/wp-content\/uploads\/2018\/02\/colored-pencils-168392-1024x683.jpg 1024w, https:\/\/profesconsulting.pl\/wp-content\/uploads\/2018\/02\/colored-pencils-168392-830x553.jpg 830w, https:\/\/profesconsulting.pl\/wp-content\/uploads\/2018\/02\/colored-pencils-168392-230x153.jpg 230w, https:\/\/profesconsulting.pl\/wp-content\/uploads\/2018\/02\/colored-pencils-168392-350x233.jpg 350w, https:\/\/profesconsulting.pl\/wp-content\/uploads\/2018\/02\/colored-pencils-168392-272x182.jpg 272w\" sizes=\"(max-width: 480px) 100vw, 480px\" \/><\/a><\/div><div class=\"project-item item isotope-item \"><a class=\"project-pop-wrap\" href=\"http:\/\/www.mapadotacji.gov.pl\/projekt\/7299924\"><div class=\"project-pop\"><\/div><\/a><a href=\"http:\/\/www.mapadotacji.gov.pl\/projekt\/7299924\"><img loading=\"lazy\" decoding=\"async\" width=\"480\" height=\"320\" src=\"https:\/\/profesconsulting.pl\/wp-content\/uploads\/2017\/06\/microphone-1209816-480x320.jpg\" class=\"attachment-sydney-mas-thumb size-sydney-mas-thumb wp-post-image\" alt=\"\" srcset=\"https:\/\/profesconsulting.pl\/wp-content\/uploads\/2017\/06\/microphone-1209816-480x320.jpg 480w, https:\/\/profesconsulting.pl\/wp-content\/uploads\/2017\/06\/microphone-1209816-300x200.jpg 300w, https:\/\/profesconsulting.pl\/wp-content\/uploads\/2017\/06\/microphone-1209816-768x512.jpg 768w, https:\/\/profesconsulting.pl\/wp-content\/uploads\/2017\/06\/microphone-1209816-1024x683.jpg 1024w, https:\/\/profesconsulting.pl\/wp-content\/uploads\/2017\/06\/microphone-1209816-830x553.jpg 830w, https:\/\/profesconsulting.pl\/wp-content\/uploads\/2017\/06\/microphone-1209816-230x153.jpg 230w, https:\/\/profesconsulting.pl\/wp-content\/uploads\/2017\/06\/microphone-1209816-350x233.jpg 350w, https:\/\/profesconsulting.pl\/wp-content\/uploads\/2017\/06\/microphone-1209816-272x182.jpg 272w\" sizes=\"(max-width: 480px) 100vw, 480px\" \/><\/a><\/div><div class=\"project-item item isotope-item \"><a class=\"project-pop-wrap\" href=\"http:\/\/www.mapadotacji.gov.pl\/projekt\/7290802\"><div class=\"project-pop\"><\/div><\/a><a href=\"http:\/\/www.mapadotacji.gov.pl\/projekt\/7290802\"><img loading=\"lazy\" decoding=\"async\" width=\"480\" height=\"320\" src=\"https:\/\/profesconsulting.pl\/wp-content\/uploads\/2017\/06\/benjamin-child-17946-480x320.jpg\" class=\"attachment-sydney-mas-thumb size-sydney-mas-thumb wp-post-image\" alt=\"\" srcset=\"https:\/\/profesconsulting.pl\/wp-content\/uploads\/2017\/06\/benjamin-child-17946-480x320.jpg 480w, https:\/\/profesconsulting.pl\/wp-content\/uploads\/2017\/06\/benjamin-child-17946-300x200.jpg 300w, https:\/\/profesconsulting.pl\/wp-content\/uploads\/2017\/06\/benjamin-child-17946-768x512.jpg 768w, https:\/\/profesconsulting.pl\/wp-content\/uploads\/2017\/06\/benjamin-child-17946-1024x683.jpg 1024w, https:\/\/profesconsulting.pl\/wp-content\/uploads\/2017\/06\/benjamin-child-17946-830x553.jpg 830w, https:\/\/profesconsulting.pl\/wp-content\/uploads\/2017\/06\/benjamin-child-17946-230x153.jpg 230w, https:\/\/profesconsulting.pl\/wp-content\/uploads\/2017\/06\/benjamin-child-17946-350x233.jpg 350w, https:\/\/profesconsulting.pl\/wp-content\/uploads\/2017\/06\/benjamin-child-17946-272x182.jpg 272w\" sizes=\"(max-width: 480px) 100vw, 480px\" \/><\/a><\/div><div class=\"project-item item isotope-item \"><a class=\"project-pop-wrap\" href=\"http:\/\/www.mapadotacji.gov.pl\/projekt\/7302127\"><div class=\"project-pop\"><\/div><\/a><a href=\"http:\/\/www.mapadotacji.gov.pl\/projekt\/7302127\"><img loading=\"lazy\" decoding=\"async\" width=\"480\" height=\"320\" src=\"https:\/\/profesconsulting.pl\/wp-content\/uploads\/2017\/06\/startup-593344-480x320.jpg\" class=\"attachment-sydney-mas-thumb size-sydney-mas-thumb wp-post-image\" alt=\"\" srcset=\"https:\/\/profesconsulting.pl\/wp-content\/uploads\/2017\/06\/startup-593344-480x320.jpg 480w, https:\/\/profesconsulting.pl\/wp-content\/uploads\/2017\/06\/startup-593344-300x200.jpg 300w, https:\/\/profesconsulting.pl\/wp-content\/uploads\/2017\/06\/startup-593344-768x512.jpg 768w, https:\/\/profesconsulting.pl\/wp-content\/uploads\/2017\/06\/startup-593344-1024x683.jpg 1024w, https:\/\/profesconsulting.pl\/wp-content\/uploads\/2017\/06\/startup-593344-830x553.jpg 830w, https:\/\/profesconsulting.pl\/wp-content\/uploads\/2017\/06\/startup-593344-230x153.jpg 230w, https:\/\/profesconsulting.pl\/wp-content\/uploads\/2017\/06\/startup-593344-350x233.jpg 350w, https:\/\/profesconsulting.pl\/wp-content\/uploads\/2017\/06\/startup-593344-272x182.jpg 272w\" sizes=\"(max-width: 480px) 100vw, 480px\" \/><\/a><\/div><div class=\"project-item item isotope-item \"><a class=\"project-pop-wrap\" href=\"http:\/\/www.mapadotacji.gov.pl\/projekt\/7292559\"><div class=\"project-pop\"><\/div><\/a><a href=\"http:\/\/www.mapadotacji.gov.pl\/projekt\/7292559\"><img loading=\"lazy\" decoding=\"async\" width=\"480\" height=\"320\" src=\"https:\/\/profesconsulting.pl\/wp-content\/uploads\/2017\/06\/boy-909552-480x320.jpg\" class=\"attachment-sydney-mas-thumb size-sydney-mas-thumb wp-post-image\" alt=\"\" srcset=\"https:\/\/profesconsulting.pl\/wp-content\/uploads\/2017\/06\/boy-909552-480x320.jpg 480w, https:\/\/profesconsulting.pl\/wp-content\/uploads\/2017\/06\/boy-909552-300x200.jpg 300w, https:\/\/profesconsulting.pl\/wp-content\/uploads\/2017\/06\/boy-909552-768x512.jpg 768w, https:\/\/profesconsulting.pl\/wp-content\/uploads\/2017\/06\/boy-909552-1024x683.jpg 1024w, https:\/\/profesconsulting.pl\/wp-content\/uploads\/2017\/06\/boy-909552-830x553.jpg 830w, https:\/\/profesconsulting.pl\/wp-content\/uploads\/2017\/06\/boy-909552-230x153.jpg 230w, https:\/\/profesconsulting.pl\/wp-content\/uploads\/2017\/06\/boy-909552-350x233.jpg 350w, https:\/\/profesconsulting.pl\/wp-content\/uploads\/2017\/06\/boy-909552-272x182.jpg 272w\" sizes=\"(max-width: 480px) 100vw, 480px\" \/><\/a><\/div><div class=\"project-item item isotope-item \"><a class=\"project-pop-wrap\" href=\"http:\/\/www.mapadotacji.gov.pl\/projekt\/7302765\"><div class=\"project-pop\"><\/div><\/a><a href=\"http:\/\/www.mapadotacji.gov.pl\/projekt\/7302765\"><img loading=\"lazy\" decoding=\"async\" width=\"480\" height=\"320\" src=\"https:\/\/profesconsulting.pl\/wp-content\/uploads\/2017\/06\/anvil-2344555-480x320.jpg\" class=\"attachment-sydney-mas-thumb size-sydney-mas-thumb wp-post-image\" alt=\"\" srcset=\"https:\/\/profesconsulting.pl\/wp-content\/uploads\/2017\/06\/anvil-2344555-480x320.jpg 480w, https:\/\/profesconsulting.pl\/wp-content\/uploads\/2017\/06\/anvil-2344555-300x200.jpg 300w, https:\/\/profesconsulting.pl\/wp-content\/uploads\/2017\/06\/anvil-2344555-768x513.jpg 768w, https:\/\/profesconsulting.pl\/wp-content\/uploads\/2017\/06\/anvil-2344555-1024x684.jpg 1024w, https:\/\/profesconsulting.pl\/wp-content\/uploads\/2017\/06\/anvil-2344555-830x554.jpg 830w, https:\/\/profesconsulting.pl\/wp-content\/uploads\/2017\/06\/anvil-2344555-230x154.jpg 230w, https:\/\/profesconsulting.pl\/wp-content\/uploads\/2017\/06\/anvil-2344555-350x234.jpg 350w, https:\/\/profesconsulting.pl\/wp-content\/uploads\/2017\/06\/anvil-2344555-272x182.jpg 272w\" sizes=\"(max-width: 480px) 100vw, 480px\" \/><\/a><\/div><\/div><\/div><\/div><!-- \/.project-wrap --><\/div><\/div><\/div><\/div><\/div><\/div>","protected":false},"excerpt":{"rendered":"","protected":false},"author":2,"featured_media":0,"parent":28,"menu_order":0,"comment_status":"closed","ping_status":"closed","template":"page-templates\/page_fullwidth.php","meta":{"sfsi_plus_gutenberg_text_before_share":"","sfsi_plus_gutenberg_show_text_before_share":"","sfsi_plus_gutenberg_icon_type":"","sfsi_plus_gutenberg_icon_alignemt":"","sfsi_plus_gutenburg_max_per_row":"","jetpack_post_was_ever_published":false,"footnotes":""},"yoast_head":"<!-- This site is optimized with the Yoast SEO plugin v21.9.1 - https:\/\/yoast.com\/wordpress\/plugins\/seo\/ -->\n<title>Projekty - Dofinansowania unijne, szkolenia<\/title>\n<meta name=\"robots\" content=\"index, follow, max-snippet:-1, max-image-preview:large, max-video-preview:-1\" \/>\n<link rel=\"canonical\" href=\"https:\/\/profesconsulting.pl\/?page_id=71\" \/>\n<meta property=\"og:locale\" content=\"pl_PL\" \/>\n<meta property=\"og:type\" content=\"article\" \/>\n<meta property=\"og:title\" content=\"Projekty - Dofinansowania unijne, szkolenia\" \/>\n<meta property=\"og:url\" content=\"https:\/\/profesconsulting.pl\/?page_id=71\" \/>\n<meta property=\"og:site_name\" content=\"Dofinansowania unijne, szkolenia\" \/>\n<meta property=\"article:modified_time\" content=\"2018-02-13T09:47:15+00:00\" \/>\n<meta name=\"twitter:card\" content=\"summary_large_image\" \/>\n<script type=\"application\/ld+json\" class=\"yoast-schema-graph\">{\"@context\":\"https:\/\/schema.org\",\"@graph\":[{\"@type\":\"WebPage\",\"@id\":\"https:\/\/profesconsulting.pl\/?page_id=71\",\"url\":\"https:\/\/profesconsulting.pl\/?page_id=71\",\"name\":\"Projekty - Dofinansowania unijne, szkolenia\",\"isPartOf\":{\"@id\":\"https:\/\/profesconsulting.pl\/#website\"},\"datePublished\":\"2017-06-26T10:06:18+00:00\",\"dateModified\":\"2018-02-13T09:47:15+00:00\",\"breadcrumb\":{\"@id\":\"https:\/\/profesconsulting.pl\/?page_id=71#breadcrumb\"},\"inLanguage\":\"pl-PL\",\"potentialAction\":[{\"@type\":\"ReadAction\",\"target\":[\"https:\/\/profesconsulting.pl\/?page_id=71\"]}]},{\"@type\":\"BreadcrumbList\",\"@id\":\"https:\/\/profesconsulting.pl\/?page_id=71#breadcrumb\",\"itemListElement\":[{\"@type\":\"ListItem\",\"position\":1,\"name\":\"Strona g\u0142\u00f3wna\",\"item\":\"https:\/\/profesconsulting.pl\/\"},{\"@type\":\"ListItem\",\"position\":2,\"name\":\"Profes Consulting\",\"item\":\"https:\/\/profesconsulting.pl\/\"},{\"@type\":\"ListItem\",\"position\":3,\"name\":\"Projekty\"}]},{\"@type\":\"WebSite\",\"@id\":\"https:\/\/profesconsulting.pl\/#website\",\"url\":\"https:\/\/profesconsulting.pl\/\",\"name\":\"Dofinansowania unijne, szkolenia\",\"description\":\"\",\"potentialAction\":[{\"@type\":\"SearchAction\",\"target\":{\"@type\":\"EntryPoint\",\"urlTemplate\":\"https:\/\/profesconsulting.pl\/?s={search_term_string}\"},\"query-input\":\"required name=search_term_string\"}],\"inLanguage\":\"pl-PL\"}]}<\/script>\n<!-- \/ Yoast SEO plugin. -->","yoast_head_json":{"title":"Projekty - Dofinansowania unijne, szkolenia","robots":{"index":"index","follow":"follow","max-snippet":"max-snippet:-1","max-image-preview":"max-image-preview:large","max-video-preview":"max-video-preview:-1"},"canonical":"https:\/\/profesconsulting.pl\/?page_id=71","og_locale":"pl_PL","og_type":"article","og_title":"Projekty - Dofinansowania unijne, szkolenia","og_url":"https:\/\/profesconsulting.pl\/?page_id=71","og_site_name":"Dofinansowania unijne, szkolenia","article_modified_time":"2018-02-13T09:47:15+00:00","twitter_card":"summary_large_image","schema":{"@context":"https:\/\/schema.org","@graph":[{"@type":"WebPage","@id":"https:\/\/profesconsulting.pl\/?page_id=71","url":"https:\/\/profesconsulting.pl\/?page_id=71","name":"Projekty - Dofinansowania unijne, szkolenia","isPartOf":{"@id":"https:\/\/profesconsulting.pl\/#website"},"datePublished":"2017-06-26T10:06:18+00:00","dateModified":"2018-02-13T09:47:15+00:00","breadcrumb":{"@id":"https:\/\/profesconsulting.pl\/?page_id=71#breadcrumb"},"inLanguage":"pl-PL","potentialAction":[{"@type":"ReadAction","target":["https:\/\/profesconsulting.pl\/?page_id=71"]}]},{"@type":"BreadcrumbList","@id":"https:\/\/profesconsulting.pl\/?page_id=71#breadcrumb","itemListElement":[{"@type":"ListItem","position":1,"name":"Strona g\u0142\u00f3wna","item":"https:\/\/profesconsulting.pl\/"},{"@type":"ListItem","position":2,"name":"Profes Consulting","item":"https:\/\/profesconsulting.pl\/"},{"@type":"ListItem","position":3,"name":"Projekty"}]},{"@type":"WebSite","@id":"https:\/\/profesconsulting.pl\/#website","url":"https:\/\/profesconsulting.pl\/","name":"Dofinansowania unijne, szkolenia","description":"","potentialAction":[{"@type":"SearchAction","target":{"@type":"EntryPoint","urlTemplate":"https:\/\/profesconsulting.pl\/?s={search_term_string}"},"query-input":"required name=search_term_string"}],"inLanguage":"pl-PL"}]}},"jetpack_sharing_enabled":true,"jetpack_shortlink":"https:\/\/wp.me\/P8SOof-19","_links":{"self":[{"href":"https:\/\/profesconsulting.pl\/index.php?rest_route=\/wp\/v2\/pages\/71"}],"collection":[{"href":"https:\/\/profesconsulting.pl\/index.php?rest_route=\/wp\/v2\/pages"}],"about":[{"href":"https:\/\/profesconsulting.pl\/index.php?rest_route=\/wp\/v2\/types\/page"}],"author":[{"embeddable":true,"href":"https:\/\/profesconsulting.pl\/index.php?rest_route=\/wp\/v2\/users\/2"}],"replies":[{"embeddable":true,"href":"https:\/\/profesconsulting.pl\/index.php?rest_route=%2Fwp%2Fv2%2Fcomments&post=71"}],"version-history":[{"count":59,"href":"https:\/\/profesconsulting.pl\/index.php?rest_route=\/wp\/v2\/pages\/71\/revisions"}],"predecessor-version":[{"id":588,"href":"https:\/\/profesconsulting.pl\/index.php?rest_route=\/wp\/v2\/pages\/71\/revisions\/588"}],"up":[{"embeddable":true,"href":"https:\/\/profesconsulting.pl\/index.php?rest_route=\/wp\/v2\/pages\/28"}],"wp:attachment":[{"href":"https:\/\/profesconsulting.pl\/index.php?rest_route=%2Fwp%2Fv2%2Fmedia&parent=71"}],"curies":[{"name":"wp","href":"https:\/\/api.w.org\/{rel}","templated":true}]}}